{"id":315,"date":"2017-03-23T11:34:48","date_gmt":"2017-03-23T11:34:48","guid":{"rendered":"https:\/\/lavadoyengrasadodelvalle.com\/index.php\/services\/"},"modified":"2026-03-23T22:11:48","modified_gmt":"2026-03-23T22:11:48","slug":"autolavado-valle-de-chalco-2","status":"publish","type":"page","link":"https:\/\/lavadoyengrasadodelvalle.com\/index.php\/autolavado-valle-de-chalco-2\/","title":{"rendered":"Nosotros"},"content":{"rendered":"<!--themify_builder_content-->\n<div id=\"themify_builder_content-315\" data-postid=\"315\" class=\"themify_builder_content themify_builder_content-315 themify_builder tf_clear\">\n                    <div  data-lazy=\"1\" class=\"module_row themify_builder_row accounting-services compliance-planning tb_ac35627 tb_first tf_w\">\n                        <div class=\"row_inner col_align_top tb_col_count_1 tf_box tf_rel\">\n                        <div  data-lazy=\"1\" class=\"module_column tb-column tb_0wgh244 first\">\n                            <\/div>\n                        <\/div>\n        <\/div>\n                        <div  data-lazy=\"1\" class=\"module_row themify_builder_row accounting-services compliance-planning tb_bpud627 tf_w\">\n                        <div class=\"row_inner col_align_top tb_col_count_1 tf_box tf_rel\">\n                        <div  data-lazy=\"1\" class=\"module_column tb-column tb_xyyz266 first\">\n                    <!-- module fancy heading -->\n<div  class=\"module module-fancy-heading tb_qpc8244 \" data-lazy=\"1\">\n        <h1 class=\"fancy-heading tf_textc\">\n    <span class=\"main-head tf_block\">\n                                <\/span>\n\n    \n    <span class=\"sub-head tf_block tf_rel\">\n                    NOSOTROS            <\/span>\n    <\/h1>\n<\/div>\n<!-- \/module fancy heading -->\n<!-- module text -->\n<div  class=\"module module-text tb_fzv7482   \" data-lazy=\"1\">\n        <div  class=\"tb_text_wrap\">\n        <h6 style=\"text-align: center;\"><span style=\"font-weight: normal;\"><span style=\"color: #0d0c0c;\">En Lavado y Engrasado del Valle, no solo lavamos veh\u00edculos; protegemos tu patrimonio y la imagen de tu negocio. Con una trayectoria forjada a trav\u00e9s de <span data-path-to-node=\"4\" data-index-in-node=\"146\">d\u00e9cadas de experiencia<\/span>, nos hemos consolidado como expertos en el mantenimiento preventivo automotriz, especializ\u00e1ndonos en servicios de lavado y engrasado de alta precisi\u00f3n.\u00a0<\/span><span style=\"color: #0d0c0c; font-size: 1em;\">Creemos que la confianza se construye con cada detalle, por eso, combinamos el conocimiento t\u00e9cnico de a\u00f1os de trabajo con la eficiencia que el sector corporativo y particular exige hoy en d\u00eda.<\/span><\/span><\/h6>    <\/div>\n<\/div>\n<!-- \/module text -->        <\/div>\n                        <\/div>\n        <\/div>\n                        <div  data-lazy=\"1\" class=\"module_row themify_builder_row tb_6reb534 tf_w\">\n                        <div class=\"row_inner col_align_top tb_col_count_2 tf_box tf_rel\">\n                        <div  data-lazy=\"1\" class=\"module_column tb-column col4-2 tb_svj9534 first\">\n                    <!-- module fancy heading -->\n<div  class=\"module module-fancy-heading tb_5gv1454 \" data-lazy=\"1\">\n        <h1 class=\"fancy-heading tf_textc\">\n    <span class=\"main-head tf_block\">\n                                <\/span>\n\n    \n    <span class=\"sub-head tf_block tf_rel\">\n                    MISI\u00d3N            <\/span>\n    <\/h1>\n<\/div>\n<!-- \/module fancy heading -->\n<!-- module text -->\n<div  class=\"module module-text tb_6hwn903   \" data-lazy=\"1\">\n        <div  class=\"tb_text_wrap\">\n        <h6 style=\"text-align: center;\"><span style=\"color: #0d0b0b; font-size: 1em;\">\u00a0<\/span><span style=\"color: #0d0b0b; font-size: 1em; font-weight: normal;\">Brindar soluciones integrales de mantenimiento preventivo a trav\u00e9s del lavado y engrasado automotriz, combinando d\u00e9cadas de experiencia con un servicio de alta calidad. Nos comprometemos a prolongar la vida \u00fatil y la imagen de los veh\u00edculos de nuestros clientes particulares y flotas corporativas, garantizando procesos eficientes, personal experto y un trato de absoluta confianza.<\/span><\/h6>    <\/div>\n<\/div>\n<!-- \/module text -->        <\/div>\n                    <div  data-lazy=\"1\" class=\"module_column tb-column col4-2 tb_rcsh536 last\">\n                    <!-- module fancy heading -->\n<div  class=\"module module-fancy-heading tb_oy1k905 \" data-lazy=\"1\">\n        <h1 class=\"fancy-heading tf_textc\">\n    <span class=\"main-head tf_block\">\n                                <\/span>\n\n    \n    <span class=\"sub-head tf_block tf_rel\">\n                    VISI\u00d3N            <\/span>\n    <\/h1>\n<\/div>\n<!-- \/module fancy heading -->\n<!-- module text -->\n<div  class=\"module module-text tb_9p8s859   \" data-lazy=\"1\">\n        <div  class=\"tb_text_wrap\">\n        <h6 style=\"text-align: center;\"><span style=\"color: #080707;\"><span style=\"font-weight: normal;\"><span style=\"font-size: 1em;\">Consolidarnos como el socio estrat\u00e9gico l\u00edder en el cuidado automotriz a nivel regional, siendo reconocidos por empresas y particulares como el referente de excelencia, tradici\u00f3n y fiabilidad. Aspiramos a evolucionar junto con la tecnolog\u00eda del sector, manteniendo siempre\u00a0<\/span><span style=\"font-size: 1em;\">la atenci\u00f3n al detalle que nos ha distinguido a lo largo de nuestra trayectoria.<\/span><\/span><\/span><\/h6>\n<p class=\"MsoNormal\">\u00a0<\/p>    <\/div>\n<\/div>\n<!-- \/module text -->        <\/div>\n                        <\/div>\n        <\/div>\n                        <div  data-parallax-bg=\"desktop\" data-css_id=\"liwv935\" data-lazy=\"1\" class=\"module_row themify_builder_row fullheight fullwidth tb_liwv935 tf_w\">\n                        <div class=\"row_inner col_align_middle gutter-none tb_col_count_2 tf_box tf_rel\">\n                        <div  data-lazy=\"1\" class=\"module_column tb-column col4-2 tb_q67r935 first\">\n        <span  class=\"builder_row_cover tf_abs\" data-lazy=\"1\"><\/span>            <!-- module text -->\n<div  class=\"module module-text tb_nus0935   \" data-lazy=\"1\">\n        <div  class=\"tb_text_wrap\">\n        <h1 style=\"text-align: center;\">Una empresa con mas de 15 a\u00f1os de antiguedad<\/h1>    <\/div>\n<\/div>\n<!-- \/module text -->        <\/div>\n                    <div  data-lazy=\"1\" class=\"module_column tb-column col4-2 tb_ch2z935 last\">\n                            <\/div>\n                        <\/div>\n        <\/div>\n                        <div  data-lazy=\"1\" class=\"module_row themify_builder_row tb_929h186 tf_w\">\n                        <div class=\"row_inner col_align_top tb_col_count_1 tf_box tf_rel\">\n                        <div  data-lazy=\"1\" class=\"module_column tb-column col-full tb_n2hd187 first\">\n                    <!-- module fancy heading -->\n<div  class=\"module module-fancy-heading tb_llqj188 \" data-lazy=\"1\">\n        <h1 class=\"fancy-heading tf_textc\">\n    <span class=\"main-head tf_block\">\n                                <\/span>\n\n    \n    <span class=\"sub-head tf_block tf_rel\">\n                    \u00bfQu\u00e9 nos hace diferentes?            <\/span>\n    <\/h1>\n<\/div>\n<!-- \/module fancy heading -->\n        <\/div>\n                        <\/div>\n        <\/div>\n                        <div  data-lazy=\"1\" class=\"module_row themify_builder_row tb_454b836 tf_w\">\n                        <div class=\"row_inner col_align_top tb_col_count_2 tf_box tf_rel\">\n                        <div  data-lazy=\"1\" class=\"module_column tb-column col4-2 tb_rtu3836 first\">\n                    <!-- module text -->\n<div  class=\"module module-text tb_ri9o993   \" data-lazy=\"1\">\n        <div  class=\"tb_text_wrap\">\n        <ul data-path-to-node=\"13\">\n<li>\n<h6 style=\"text-align: left;\"><b data-path-to-node=\"13,0,0\" data-index-in-node=\"0\">Socio Estrat\u00e9gico para Flotas:<\/b> <span style=\"font-weight: normal;\">No somos un proveedor m\u00e1s; somos el aliado que ayuda a las empresas a mantener sus flotas operativas y con una imagen impecable.<br><\/span><b data-path-to-node=\"13,1,0\" data-index-in-node=\"0\">Tradici\u00f3n y Tecnolog\u00eda:<\/b> <span style=\"font-weight: normal;\">Respetamos los procesos artesanales que garantizan una limpieza profunda (como el engrasado a detalle) mientras adoptamos nuevas tecnolog\u00edas para mejorar la eficiencia.<br><\/span><b data-path-to-node=\"13,2,0\" data-index-in-node=\"0\">Enfoque Regional:<\/b> <span style=\"font-weight: normal;\">Conocemos nuestro entorno y a nuestra gente, lo que nos permite ofrecer un trato cercano y soluciones adaptadas a las necesidades locales.<br><\/span><b data-path-to-node=\"13,3,0\" data-index-in-node=\"0\">Personal Experto:<\/b> <span style=\"font-weight: normal;\">Cada veh\u00edculo que entra a nuestras instalaciones es atendido por manos que conocen a fondo la mec\u00e1nica y el cuidado est\u00e9tico automotriz.<\/span><\/h6>\n<\/li>\n<\/ul>    <\/div>\n<\/div>\n<!-- \/module text -->        <\/div>\n                    <div  data-lazy=\"1\" class=\"module_column tb-column col4-2 tb_sbs9836 last\">\n                    <!-- module video -->\n<div  class=\"module module-video tb_uje7256 video-top  video-autoplay\" data-lazy=\"1\">\n                    <div class=\"video-wrap-outer\">\n            <div class=\"video-wrap tf_rel tf_overflow tf_local_video\">\n                \n                    \n                    <div style=\"width: 640px;\" class=\"wp-video\"><video class=\"wp-video-shortcode\" id=\"video-315-1\" width=\"640\" height=\"360\" autoplay muted preload=\"metadata\" controls=\"controls\"><source type=\"video\/mp4\" src=\"https:\/\/lavadoyengrasadodelvalle.com\/wp-content\/uploads\/2026\/03\/WhatsApp-Video-2026-03-09-at-12.37.58-PM.mp4?_=1\" \/><a href=\"https:\/\/lavadoyengrasadodelvalle.com\/wp-content\/uploads\/2026\/03\/WhatsApp-Video-2026-03-09-at-12.37.58-PM.mp4\">https:\/\/lavadoyengrasadodelvalle.com\/wp-content\/uploads\/2026\/03\/WhatsApp-Video-2026-03-09-at-12.37.58-PM.mp4<\/a><\/video><\/div>\n                    \n                                <\/div>\n            <!-- \/video-wrap -->\n        <\/div>\n        <!-- \/video-wrap-outer -->\n            <\/div>\n        <\/div>\n                        <\/div>\n        <\/div>\n                        <div  data-css_id=\"a2qr246\" data-lazy=\"1\" class=\"module_row themify_builder_row fullwidth tb_a2qr246 tf_w\">\n                        <div class=\"row_inner col_align_bottom gutter-none tb_col_count_3 tf_box tf_rel\">\n                        <div  data-lazy=\"1\" class=\"module_column tb-column col3-1 tb_9us7247 first\">\n        <span  class=\"builder_row_cover tf_abs\" data-lazy=\"1\"><\/span>            <!-- module text -->\n<div  class=\"module module-text tb_6k5m247   \" data-lazy=\"1\">\n        <div  class=\"tb_text_wrap\">\n        <p>Atenci\u00f3n especializada en talleres Mecanicos\u00a0<\/p>    <\/div>\n<\/div>\n<!-- \/module text -->        <\/div>\n                    <div  data-lazy=\"1\" class=\"module_column tb-column col3-1 tb_kr3l247\">\n        <span  class=\"builder_row_cover tf_abs\" data-lazy=\"1\"><\/span>            <!-- module text -->\n<div  class=\"module module-text tb_vins247   \" data-lazy=\"1\">\n        <div  class=\"tb_text_wrap\">\n        <p style=\"text-align: center;\"><span style=\"font-weight: normal;\">Tratos Especiales con corporaciones grandes, asi como las infrestructura necesaria<\/span><\/p>    <\/div>\n<\/div>\n<!-- \/module text -->        <\/div>\n                    <div  data-lazy=\"1\" class=\"module_column tb-column col3-1 tb_jhdv247 last\">\n        <span  class=\"builder_row_cover tf_abs\" data-lazy=\"1\"><\/span>            <!-- module text -->\n<div  class=\"module module-text tb_yowx248   \" data-lazy=\"1\">\n        <div  class=\"tb_text_wrap\">\n        <h3 style=\"text-align: center;\"><span style=\"font-weight: normal;\">Para mayor informaci\u00f3n agenda tu cita\u00a0<\/span><\/h3>    <\/div>\n<\/div>\n<!-- \/module text --><!-- module buttons -->\n<div  class=\"module module-buttons tb_wjbq248 buttons-horizontal solid  \" data-lazy=\"1\">\n        <div class=\"module-buttons-item tf_in_flx\">\n                        <a href=\"https:\/\/api.whatsapp.com\/send\/?phone=525533556701&#038;text=%C2%A1Agendatucita&#038;type=phone_number&#038;app_absent=0\" class=\"ui builder_button tf_in_flx yellow\" >\n                                                AGENDAR CITA                                        <\/a>\n                <\/div>\n            <\/div>\n<!-- \/module buttons -->\n        <\/div>\n                        <\/div>\n        <\/div>\n        <\/div>\n<!--\/themify_builder_content-->","protected":false},"excerpt":{"rendered":"<p>En Lavado y Engrasado del Valle, no solo lavamos veh\u00edculos; protegemos tu patrimonio y la imagen de tu negocio. Con una trayectoria forjada a trav\u00e9s de d\u00e9cadas de experiencia, nos hemos consolidado como expertos en el mantenimiento preventivo automotriz, especializ\u00e1ndonos en servicios de lavado y engrasado de alta precisi\u00f3n.\u00a0Creemos que la confianza se construye con [&hellip;]<\/p>\n","protected":false},"author":1,"featured_media":0,"parent":0,"menu_order":0,"comment_status":"closed","ping_status":"closed","template":"","meta":{"footnotes":""},"class_list":["post-315","page","type-page","status-publish","hentry","has-post-title","has-post-date","has-post-category","has-post-tag","has-post-comment","has-post-author",""],"yoast_head":"<!-- This site is optimized with the Yoast SEO plugin v27.0 - https:\/\/yoast.com\/product\/yoast-seo-wordpress\/ -->\n<title>Nosotros - Lavadoyengrasadodelvalle.com<\/title>\n<meta name=\"description\" content=\"Somos un autolavado en Valle de Chalco especializado en lavado, engrasado y detallado automotriz. Atenci\u00f3n profesional y servicio r\u00e1pido en Chalco.\" \/>\n<meta name=\"robots\" content=\"index, follow, max-snippet:-1, max-image-preview:large, max-video-preview:-1\" \/>\n<link rel=\"canonical\" href=\"https:\/\/lavadoyengrasadodelvalle.com\/index.php\/autolavado-valle-de-chalco-2\/\" \/>\n<meta property=\"og:locale\" content=\"es_MX\" \/>\n<meta property=\"og:type\" content=\"article\" \/>\n<meta property=\"og:title\" content=\"Nosotros - Lavadoyengrasadodelvalle.com\" \/>\n<meta property=\"og:description\" content=\"Somos un autolavado en Valle de Chalco especializado en lavado, engrasado y detallado automotriz. Atenci\u00f3n profesional y servicio r\u00e1pido en Chalco.\" \/>\n<meta property=\"og:url\" content=\"https:\/\/lavadoyengrasadodelvalle.com\/index.php\/autolavado-valle-de-chalco-2\/\" \/>\n<meta property=\"og:site_name\" content=\"Lavadoyengrasadodelvalle.com\" \/>\n<meta property=\"article:publisher\" content=\"https:\/\/www.facebook.com\/share\/1AiVLp8xdZ\/?mibextid=wwXIfr\" \/>\n<meta property=\"article:modified_time\" content=\"2026-03-23T22:11:48+00:00\" \/>\n<meta name=\"twitter:card\" content=\"summary_large_image\" \/>\n<meta name=\"twitter:label1\" content=\"Tiempo de lectura\" \/>\n\t<meta name=\"twitter:data1\" content=\"4 minutos\" \/>\n<script type=\"application\/ld+json\" class=\"yoast-schema-graph\">{\"@context\":\"https:\/\/schema.org\",\"@graph\":[{\"@type\":\"WebPage\",\"@id\":\"https:\/\/lavadoyengrasadodelvalle.com\/index.php\/autolavado-valle-de-chalco-2\/\",\"url\":\"https:\/\/lavadoyengrasadodelvalle.com\/index.php\/autolavado-valle-de-chalco-2\/\",\"name\":\"Nosotros - Lavadoyengrasadodelvalle.com\",\"isPartOf\":{\"@id\":\"https:\/\/lavadoyengrasadodelvalle.com\/#website\"},\"datePublished\":\"2017-03-23T11:34:48+00:00\",\"dateModified\":\"2026-03-23T22:11:48+00:00\",\"description\":\"Somos un autolavado en Valle de Chalco especializado en lavado, engrasado y detallado automotriz. Atenci\u00f3n profesional y servicio r\u00e1pido en Chalco.\",\"breadcrumb\":{\"@id\":\"https:\/\/lavadoyengrasadodelvalle.com\/index.php\/autolavado-valle-de-chalco-2\/#breadcrumb\"},\"inLanguage\":\"es\",\"potentialAction\":[{\"@type\":\"ReadAction\",\"target\":[\"https:\/\/lavadoyengrasadodelvalle.com\/index.php\/autolavado-valle-de-chalco-2\/\"]}]},{\"@type\":\"BreadcrumbList\",\"@id\":\"https:\/\/lavadoyengrasadodelvalle.com\/index.php\/autolavado-valle-de-chalco-2\/#breadcrumb\",\"itemListElement\":[{\"@type\":\"ListItem\",\"position\":1,\"name\":\"Inicio\",\"item\":\"https:\/\/lavadoyengrasadodelvalle.com\/\"},{\"@type\":\"ListItem\",\"position\":2,\"name\":\"Nosotros\"}]},{\"@type\":\"WebSite\",\"@id\":\"https:\/\/lavadoyengrasadodelvalle.com\/#website\",\"url\":\"https:\/\/lavadoyengrasadodelvalle.com\/\",\"name\":\"https:\/\/lavadoyengrasadodelvalle.com\/\",\"description\":\"\",\"publisher\":{\"@id\":\"https:\/\/lavadoyengrasadodelvalle.com\/#organization\"},\"potentialAction\":[{\"@type\":\"SearchAction\",\"target\":{\"@type\":\"EntryPoint\",\"urlTemplate\":\"https:\/\/lavadoyengrasadodelvalle.com\/?s={search_term_string}\"},\"query-input\":{\"@type\":\"PropertyValueSpecification\",\"valueRequired\":true,\"valueName\":\"search_term_string\"}}],\"inLanguage\":\"es\"},{\"@type\":\"Organization\",\"@id\":\"https:\/\/lavadoyengrasadodelvalle.com\/#organization\",\"name\":\"lavadoyengrasadodelvalle\",\"url\":\"https:\/\/lavadoyengrasadodelvalle.com\/\",\"logo\":{\"@type\":\"ImageObject\",\"inLanguage\":\"es\",\"@id\":\"https:\/\/lavadoyengrasadodelvalle.com\/#\/schema\/logo\/image\/\",\"url\":\"https:\/\/lavadoyengrasadodelvalle.com\/wp-content\/uploads\/2026\/02\/WhatsApp-Image-2026-01-09-at-6.56.17-PM-1-1.png\",\"contentUrl\":\"https:\/\/lavadoyengrasadodelvalle.com\/wp-content\/uploads\/2026\/02\/WhatsApp-Image-2026-01-09-at-6.56.17-PM-1-1.png\",\"width\":1080,\"height\":1080,\"caption\":\"lavadoyengrasadodelvalle\"},\"image\":{\"@id\":\"https:\/\/lavadoyengrasadodelvalle.com\/#\/schema\/logo\/image\/\"},\"sameAs\":[\"https:\/\/www.facebook.com\/share\/1AiVLp8xdZ\/?mibextid=wwXIfr\",\"https:\/\/www.tiktok.com\/@servdelvalle?_r=1&_t=ZS-943cFnj4FhI\"]}]}<\/script>\n<!-- \/ Yoast SEO plugin. -->","yoast_head_json":{"title":"Nosotros - Lavadoyengrasadodelvalle.com","description":"Somos un autolavado en Valle de Chalco especializado en lavado, engrasado y detallado automotriz. Atenci\u00f3n profesional y servicio r\u00e1pido en Chalco.","robots":{"index":"index","follow":"follow","max-snippet":"max-snippet:-1","max-image-preview":"max-image-preview:large","max-video-preview":"max-video-preview:-1"},"canonical":"https:\/\/lavadoyengrasadodelvalle.com\/index.php\/autolavado-valle-de-chalco-2\/","og_locale":"es_MX","og_type":"article","og_title":"Nosotros - Lavadoyengrasadodelvalle.com","og_description":"Somos un autolavado en Valle de Chalco especializado en lavado, engrasado y detallado automotriz. Atenci\u00f3n profesional y servicio r\u00e1pido en Chalco.","og_url":"https:\/\/lavadoyengrasadodelvalle.com\/index.php\/autolavado-valle-de-chalco-2\/","og_site_name":"Lavadoyengrasadodelvalle.com","article_publisher":"https:\/\/www.facebook.com\/share\/1AiVLp8xdZ\/?mibextid=wwXIfr","article_modified_time":"2026-03-23T22:11:48+00:00","twitter_card":"summary_large_image","twitter_misc":{"Tiempo de lectura":"4 minutos"},"schema":{"@context":"https:\/\/schema.org","@graph":[{"@type":"WebPage","@id":"https:\/\/lavadoyengrasadodelvalle.com\/index.php\/autolavado-valle-de-chalco-2\/","url":"https:\/\/lavadoyengrasadodelvalle.com\/index.php\/autolavado-valle-de-chalco-2\/","name":"Nosotros - Lavadoyengrasadodelvalle.com","isPartOf":{"@id":"https:\/\/lavadoyengrasadodelvalle.com\/#website"},"datePublished":"2017-03-23T11:34:48+00:00","dateModified":"2026-03-23T22:11:48+00:00","description":"Somos un autolavado en Valle de Chalco especializado en lavado, engrasado y detallado automotriz. Atenci\u00f3n profesional y servicio r\u00e1pido en Chalco.","breadcrumb":{"@id":"https:\/\/lavadoyengrasadodelvalle.com\/index.php\/autolavado-valle-de-chalco-2\/#breadcrumb"},"inLanguage":"es","potentialAction":[{"@type":"ReadAction","target":["https:\/\/lavadoyengrasadodelvalle.com\/index.php\/autolavado-valle-de-chalco-2\/"]}]},{"@type":"BreadcrumbList","@id":"https:\/\/lavadoyengrasadodelvalle.com\/index.php\/autolavado-valle-de-chalco-2\/#breadcrumb","itemListElement":[{"@type":"ListItem","position":1,"name":"Inicio","item":"https:\/\/lavadoyengrasadodelvalle.com\/"},{"@type":"ListItem","position":2,"name":"Nosotros"}]},{"@type":"WebSite","@id":"https:\/\/lavadoyengrasadodelvalle.com\/#website","url":"https:\/\/lavadoyengrasadodelvalle.com\/","name":"https:\/\/lavadoyengrasadodelvalle.com\/","description":"","publisher":{"@id":"https:\/\/lavadoyengrasadodelvalle.com\/#organization"},"potentialAction":[{"@type":"SearchAction","target":{"@type":"EntryPoint","urlTemplate":"https:\/\/lavadoyengrasadodelvalle.com\/?s={search_term_string}"},"query-input":{"@type":"PropertyValueSpecification","valueRequired":true,"valueName":"search_term_string"}}],"inLanguage":"es"},{"@type":"Organization","@id":"https:\/\/lavadoyengrasadodelvalle.com\/#organization","name":"lavadoyengrasadodelvalle","url":"https:\/\/lavadoyengrasadodelvalle.com\/","logo":{"@type":"ImageObject","inLanguage":"es","@id":"https:\/\/lavadoyengrasadodelvalle.com\/#\/schema\/logo\/image\/","url":"https:\/\/lavadoyengrasadodelvalle.com\/wp-content\/uploads\/2026\/02\/WhatsApp-Image-2026-01-09-at-6.56.17-PM-1-1.png","contentUrl":"https:\/\/lavadoyengrasadodelvalle.com\/wp-content\/uploads\/2026\/02\/WhatsApp-Image-2026-01-09-at-6.56.17-PM-1-1.png","width":1080,"height":1080,"caption":"lavadoyengrasadodelvalle"},"image":{"@id":"https:\/\/lavadoyengrasadodelvalle.com\/#\/schema\/logo\/image\/"},"sameAs":["https:\/\/www.facebook.com\/share\/1AiVLp8xdZ\/?mibextid=wwXIfr","https:\/\/www.tiktok.com\/@servdelvalle?_r=1&_t=ZS-943cFnj4FhI"]}]}},"builder_content":"<h1><br\/>NOSOTROS<\/h1>\n<h6 style=\"text-align: center;\">En Lavado y Engrasado del Valle, no solo lavamos veh\u00edculos; protegemos tu patrimonio y la imagen de tu negocio. Con una trayectoria forjada a trav\u00e9s de d\u00e9cadas de experiencia, nos hemos consolidado como expertos en el mantenimiento preventivo automotriz, especializ\u00e1ndonos en servicios de lavado y engrasado de alta precisi\u00f3n.\u00a0Creemos que la confianza se construye con cada detalle, por eso, combinamos el conocimiento t\u00e9cnico de a\u00f1os de trabajo con la eficiencia que el sector corporativo y particular exige hoy en d\u00eda.<\/h6>\n<h1><br\/>MISI\u00d3N<\/h1>\n<h6 style=\"text-align: center;\">\u00a0Brindar soluciones integrales de mantenimiento preventivo a trav\u00e9s del lavado y engrasado automotriz, combinando d\u00e9cadas de experiencia con un servicio de alta calidad. Nos comprometemos a prolongar la vida \u00fatil y la imagen de los veh\u00edculos de nuestros clientes particulares y flotas corporativas, garantizando procesos eficientes, personal experto y un trato de absoluta confianza.<\/h6>\n<h1><br\/>VISI\u00d3N<\/h1>\n<h6 style=\"text-align: center;\">Consolidarnos como el socio estrat\u00e9gico l\u00edder en el cuidado automotriz a nivel regional, siendo reconocidos por empresas y particulares como el referente de excelencia, tradici\u00f3n y fiabilidad. Aspiramos a evolucionar junto con la tecnolog\u00eda del sector, manteniendo siempre\u00a0la atenci\u00f3n al detalle que nos ha distinguido a lo largo de nuestra trayectoria.<\/h6> <p>\u00a0<\/p>\n<h1 style=\"text-align: center;\">Una empresa con mas de 15 a\u00f1os de antiguedad<\/h1>\n<h1><br\/>\u00bfQu\u00e9 nos hace diferentes?<\/h1>\n<ul data-path-to-node=\"13\"> <li> <h6 style=\"text-align: left;\"><b data-path-to-node=\"13,0,0\" data-index-in-node=\"0\">Socio Estrat\u00e9gico para Flotas:<\/b> No somos un proveedor m\u00e1s; somos el aliado que ayuda a las empresas a mantener sus flotas operativas y con una imagen impecable.<br><b data-path-to-node=\"13,1,0\" data-index-in-node=\"0\">Tradici\u00f3n y Tecnolog\u00eda:<\/b> Respetamos los procesos artesanales que garantizan una limpieza profunda (como el engrasado a detalle) mientras adoptamos nuevas tecnolog\u00edas para mejorar la eficiencia.<br><b data-path-to-node=\"13,2,0\" data-index-in-node=\"0\">Enfoque Regional:<\/b> Conocemos nuestro entorno y a nuestra gente, lo que nos permite ofrecer un trato cercano y soluciones adaptadas a las necesidades locales.<br><b data-path-to-node=\"13,3,0\" data-index-in-node=\"0\">Personal Experto:<\/b> Cada veh\u00edculo que entra a nuestras instalaciones es atendido por manos que conocen a fondo la mec\u00e1nica y el cuidado est\u00e9tico automotriz.<\/h6> <\/li> <\/ul>\n[video src=\"https:\/\/lavadoyengrasadodelvalle.com\/wp-content\/uploads\/2026\/03\/WhatsApp-Video-2026-03-09-at-12.37.58-PM.mp4\" width=\"464\" height=\"832\"][\/video]\n<p>Atenci\u00f3n especializada en talleres Mecanicos\u00a0<\/p>\n<p style=\"text-align: center;\">Tratos Especiales con corporaciones grandes, asi como las infrestructura necesaria<\/p>\n<h3 style=\"text-align: center;\">Para mayor informaci\u00f3n agenda tu cita\u00a0<\/h3>\n<a href=\"https:\/\/api.whatsapp.com\/send\/?phone=525533556701&#038;text=%C2%A1Agendatucita&#038;type=phone_number&#038;app_absent=0\" > AGENDAR CITA <\/a>","_links":{"self":[{"href":"https:\/\/lavadoyengrasadodelvalle.com\/index.php\/wp-json\/wp\/v2\/pages\/315","targetHints":{"allow":["GET"]}}],"collection":[{"href":"https:\/\/lavadoyengrasadodelvalle.com\/index.php\/wp-json\/wp\/v2\/pages"}],"about":[{"href":"https:\/\/lavadoyengrasadodelvalle.com\/index.php\/wp-json\/wp\/v2\/types\/page"}],"author":[{"embeddable":true,"href":"https:\/\/lavadoyengrasadodelvalle.com\/index.php\/wp-json\/wp\/v2\/users\/1"}],"replies":[{"embeddable":true,"href":"https:\/\/lavadoyengrasadodelvalle.com\/index.php\/wp-json\/wp\/v2\/comments?post=315"}],"version-history":[{"count":137,"href":"https:\/\/lavadoyengrasadodelvalle.com\/index.php\/wp-json\/wp\/v2\/pages\/315\/revisions"}],"predecessor-version":[{"id":1067,"href":"https:\/\/lavadoyengrasadodelvalle.com\/index.php\/wp-json\/wp\/v2\/pages\/315\/revisions\/1067"}],"wp:attachment":[{"href":"https:\/\/lavadoyengrasadodelvalle.com\/index.php\/wp-json\/wp\/v2\/media?parent=315"}],"curies":[{"name":"wp","href":"https:\/\/api.w.org\/{rel}","templated":true}]}}